ns digit of 1233265954?
5
What is the millions digit of 117281789?
7
What is the units digit of 395013623?
3
What is the thousands digit of 384551346?
1
What is the ten thousands digit of 901150598?
5
What is the millions digit of 29483087?
9
What is the hundred millions digit of 1160529280?
1
What is the hundred thousands digit of 161523779?
5
What is the hundred millions digit of 441250532?
4
What is the tens digit of 3084477491?
9
What is the hundreds digit of 3482103898?
8
What is the ten millions digit of 83720450?
8
What is the tens digit of 224376680?
8
What is the ten millions digit of 48753827?
4
What is the ten thousands digit of 79037182?
3
What is the ten thousands digit of 4892866710?
6
What is the tens digit of 3415417125?
2
What is the ten millions digit of 5357534733?
5
What is the tens digit of 268609409?
0
What is the hundred millions digit of 1730682272?
7
What is the ten thousands digit of 16105688?
0
What is the hundred thousands digit of 2368270?
3
What is the hundred millions digit of 109228430?
1
What is the hundred thousands digit of 3482571?
4
What is the hundreds digit of 423552?
5
What is the ten thousands digit of 1120439008?
3
What is the ten thousands digit of 26180843?
8
What is the billions digit of 1222167107?
1
What is the hundreds digit of 100556936?
9
What is the hundred thousands digit of 1857151?
8
What is the hundred thousands digit of 6328831?
3
What is the millions digit of 1109196924?
9
What is the thousands digit of 120330092?
0
What is the ten thousands digit of 1648881352?
8
What is the ten millions digit of 58128485?
5
What is the ten millions digit of 98269771?
9
What is the hundred thousands digit of 10234924?
2
What is the ten thousands digit of 7234794501?
9
What is the ten millions digit of 67184582?
6
What is the hundreds digit of 2001427694?
6
What is the hundred thousands digit of 245640633?
6
What is the thousands digit of 27837649?
7
What is the hundred thousands digit of 20888395?
8
What is the thousands digit of 639004137?
4
What is the ten thousands digit of 376408131?
0
What is the billions digit of 1825895870?
1
What is the thousands digit of 40229790?
9
What is the ten thousands digit of 215522974?
2
What is the ten millions digit of 424951093?
2
What is the millions digit of 763156757?
3
What is the hundred millions digit of 356895774?
3
What is the units digit of 129121010?
0
What is the millions digit of 4348430?
4
What is the units digit of 4811425043?
3
What is the tens digit of 8498918?
1
What is the tens digit of 68058853?
5
What is the hundred thousands digit of 781639984?
6
What is the hundred thousands digit of 210409354?
4
What is the ten millions digit of 1098854185?
9
What is the ten thousands digit of 2411692240?
9
What is the ten millions digit of 3258361164?
5
What is the thousands digit of 1803566?
3
What is the hundreds digit of 56885212?
2
What is the ten millions digit of 247400541?
4
What is the hundreds digit of 74896168?
1
What is the ten millions digit of 1815238715?
1
What is the ten thousands digit of 632558130?
5
What is the units digit of 1872957927?
7
What is the hundreds digit of 55091992?
9
What is the hundreds digit of 707685134?
1
What is the hundred thousands digit of 5811326944?
3
What is the ten thousands digit of 441029947?
2
What is the ten thousands digit of 1470184679?
8
What is the billions digit of 3177701900?
3
What is the units digit of 366444006?
6
What is the hundreds digit of 68210519?
5
What is the thousands digit of 10442303?
2
What is the hundred thousands digit of 84351935?
3
What is the hundreds digit of 13967712?
7
What is the hundreds digit of 176818530?
5
What is the billions digit of 1400438850?
1
What is the ten millions digit of 177106266?
7
What is the ten millions digit of 134165590?
3
What is the ten millions digit of 437694941?
3
What is the ten thousands digit of 167432986?
3
What is the hundreds digit of 3546298496?
4
What is the hundreds digit of 125605684?
6
What is the millions digit of 26270276?
6
What is the hundred thousands digit of 282779953?
7
What is the ten thousands digit of 281161390?
6
What is the ten thousands digit of 103002947?
0
What is the ten millions digit of 108399301?
0
What is the ten thousands digit of 1642809805?
0
What is the units digit of 347077153?
3
What is the hundred thousands digit of 30842808?
8
What is the hundreds digit of 1539908235?
2
What is the hundred millions digit of 825584615?
8
What is the ten thousands digit of 34366965?
6
What is the millions digit of 56768160?
6
What is the tens digit of 1350801627?
2
What is the thousands digit of 225831082?
1
What is the hundred thousands digit of 170201744?
2
What is the tens digit of 18757107?
0
What is the ten thousands digit of 62894348?
9
What is the hundreds digit of 7680095058?
0
What is the ten thousands digit of 85427841?
2
What is the thousands digit of 150980308?
0
What is the millions digit of 64521310?
4
What is the thousands digit of 256830775?
0
What is the millions digit of 150049970?
0
What is the thousands digit of 864601?
4
What is the ten millions digit of 118450642?
1
What is the hundred millions digit of 102176713?
1
What is the hundred thousands digit of 176348929?
3
What is the hundred thousands digit of 1477063060?
0
What is the millions digit of 1430975309?
0
What is the thousands digit of 767015877?
5
What is the ten thousands digit of 2696422289?
2
What is the hundreds digit of 256181544?
5
What is the hundred thousands digit of 174931472?
9
What is the ten millions digit of 77370237?
7
What is the hundred thousands digit of 117063428?
0
What is the hundred millions digit of 139324366?
1
What is the millions digit of 26675345?
6
What is the millions digit of 51198016?
1
What is the millions digit of 749387665?
9
What is the ten thousands digit of 654354830?
5
What is the millions digit of 1134434492?
4
What is the hundreds digit of 2123430434?
4
What is the billions digit of 2413217175?
2
What is the units digit of 284130479?
9
What is the thousands digit of 193510780?
0
What is the tens digit of 3221991?
9
What is the ten thousands digit of 6299896356?
9
What is the units digit of 67440602?
2
What is the thousands digit of 776570721?
0
What is the tens digit of 1269890627?
2
What is the hundred thousands digit of 1277170797?
1
What is the hundred thousands digit of 208658497?
6
What is the ten thousands digit of 151410201?
1
What is the thousands digit of 32985173?
5
What is the millions digit of 381090167?
1
What is the units digit of 24954424?
4
What is the units digit of 2615805?
5
What is the thousands digit of 136308921?
8
What is the millions digit of 42490159?
2
What is the ten millions digit of 124527272?
2
What is the hundred millions digit of 2868303874?
8
What is the ten millions digit of 86585424?
8
What is the tens digit of 64880738?
3
What is the hundreds digit of 1313521601?
6
What is the hundred millions digit of 121670882?
1
What is the hundreds digit of 35222100?
1
What is the ten millions digit of 836405910?
3
What is the hundred millions digit of 319524048?
3
What is the hundred thousands digit of 1624062626?
0
What is the thousands digit of 224201325?
1
What is the ten thousands digit of 4475175620?
7
What is the thousands digit of 561026668?
6
What is the tens digit of 887519178?
7
What is the hundred millions digit of 1117109493?
1
What is the hundreds digit of 5891868265?
2
What is the ten thousands digit of 44102294?
0
What is the thousands digit of 356441857?
1
What is the tens digit of 145899462?
6
What is the hundred thousands digit of 8850087?
8
What is the tens digit of 207112143?
4
What is the hundreds digit of 208315688?
6
What is the ten thousands digit of 59059287?
5
What is the hundred millions digit of 301975085?
3
What is the hundreds digit of 234057555?
5
What is the hundred thousands digit of 8654512?
6
What is the millions digit of 69316736?
9
What is the hundreds digit of 423173651?
6
What is the tens digit of 16277363?
6
What is the hundreds digit of 1170516?
5
What is the billions digit of 3819557275?
3
What is the ten thousands digit of 104425206?
2
What is the billions digit of 1493352036?
1
What is the ten thousands digit of 40737738?
3
What is the tens dig